{"id":339225,"date":"2025-08-05T10:13:21","date_gmt":"2025-08-05T10:13:21","guid":{"rendered":"https:\/\/shop.proamk.de\/?page_id=339225"},"modified":"2025-09-01T09:46:11","modified_gmt":"2025-09-01T09:46:11","slug":"339225-2","status":"publish","type":"page","link":"https:\/\/shop.proamk.de\/?page_id=339225","title":{"rendered":"Erkl\u00e4rung zur Barrierefreiheit"},"content":{"rendered":"<p>[et_pb_section fb_built=&#8220;1&#8243; _builder_version=&#8220;4.27.4&#8243; _module_preset=&#8220;default&#8220; background_image=&#8220;https:\/\/shop.proamk.de\/wp-content\/uploads\/2025\/08\/200.jpg&#8220; global_colors_info=&#8220;{}&#8220;][et_pb_row _builder_version=&#8220;4.27.4&#8243; _module_preset=&#8220;default&#8220; global_colors_info=&#8220;{}&#8220;][et_pb_column type=&#8220;4_4&#8243; _builder_version=&#8220;4.27.4&#8243; _module_preset=&#8220;default&#8220; global_colors_info=&#8220;{}&#8220;][et_pb_heading title=&#8220;Erkl\u00e4rung zur Barrierefreiheit&#8220; _builder_version=&#8220;4.27.4&#8243; _module_preset=&#8220;default&#8220; title_font=&#8220;|700|||||||&#8220; title_text_align=&#8220;right&#8220; title_text_color=&#8220;#FFFFFF&#8220; title_font_size=&#8220;50px&#8220; hover_enabled=&#8220;0&#8243; title_font_size_tablet=&#8220;50px&#8220; title_font_size_phone=&#8220;35px&#8220; title_font_size_last_edited=&#8220;on|desktop&#8220; title_text_shadow_style=&#8220;preset1&#8243; global_colors_info=&#8220;{}&#8220; sticky_enabled=&#8220;0&#8243;][\/et_pb_heading][\/et_pb_column][\/et_pb_row][\/et_pb_section][et_pb_section fb_built=&#8220;1&#8243; _builder_version=&#8220;4.27.4&#8243; _module_preset=&#8220;default&#8220; global_colors_info=&#8220;{}&#8220;][et_pb_row _builder_version=&#8220;4.27.4&#8243; _module_preset=&#8220;default&#8220; global_colors_info=&#8220;{}&#8220;][et_pb_column type=&#8220;4_4&#8243; _builder_version=&#8220;4.27.4&#8243; _module_preset=&#8220;default&#8220; global_colors_info=&#8220;{}&#8220;][et_pb_text _builder_version=&#8220;4.27.4&#8243; _module_preset=&#8220;default&#8220; text_text_color=&#8220;#000000&#8243; global_colors_info=&#8220;{}&#8220;]<\/p>\n<p style=\"text-align: justify;\">Erkl\u00e4rung zur Barrierefreiheit<\/p>\n<p style=\"text-align: justify;\">f\u00fcr die Websites www.proamk.de und www.shop.proamk.de<\/p>\n<p style=\"text-align: justify;\">Stand: 05. April 2025<\/p>\n<p style=\"text-align: justify;\">Die PROAMK GmbH ist bestrebt, ihre Websites www.proamk.de und www.shop.proamk.de f\u00fcr alle Nutzerinnen und Nutzer barrierefrei und zug\u00e4nglich zu gestalten. Wir verpflichten uns, die Anforderungen der europ\u00e4ischen Richtlinie (EU) 2016\/2102 sowie des deutschen Behindertengleichstellungsgesetzes (BGG) und der BITV 2.0 einzuhalten.<\/p>\n<p style=\"text-align: justify;\">Diese Erkl\u00e4rung informiert \u00fcber den aktuellen Stand der Barrierefreiheit, benennt bekannte Einschr\u00e4nkungen und bietet M\u00f6glichkeiten zur Kontaktaufnahme, falls Barrierefreiheit nicht gew\u00e4hrleistet ist.<\/p>\n<p style=\"text-align: justify;\"><strong>1. Barrierefreiheits-Status<\/strong><\/p>\n<p style=\"text-align: justify;\">Die Websites www.proamk.de und www.shop.proamk.de entsprechen teilweise den Anforderungen der WCAG 2.1 Level AA (Web Content Accessibility Guidelines), dem international anerkannten Standard f\u00fcr barrierefreie Webinhalte.<\/p>\n<p style=\"text-align: justify;\">Wir arbeiten kontinuierlich daran, die Zug\u00e4nglichkeit unserer Seiten zu verbessern und alle technischen und inhaltlichen Vorgaben vollst\u00e4ndig umzusetzen.<\/p>\n<p style=\"text-align: justify;\"><strong>2. Nicht barrierefreie Inhalte \u2013 Begr\u00fcndung der Unzumutbarkeit<\/strong><\/p>\n<p style=\"text-align: justify;\">Trotz unserer Bem\u00fchungen gibt es derzeit noch einige Bereiche, die nicht vollst\u00e4ndig barrierefrei sind. Die folgenden Inhalte oder Funktionen weisen aktuell Einschr\u00e4nkungen auf:<\/p>\n<p style=\"text-align: justify;\">Shop-Funktionen (Warenkorb, Checkout)<br \/>Einige Formularfelder im Bestellprozess k\u00f6nnen mit Screenreadern nur eingeschr\u00e4nkt bedient werden.<br \/>Optimierung bis Q3 2025<br \/>Dynamische Inhalte (Filter, Produktgalerien)<br \/>Bildergalerien und Filterfunktionen im Shop sind nicht vollst\u00e4ndig tastaturbedienbar oder haben fehlende ARIA-Labels.<br \/>Technische \u00dcberarbeitung in Planung<br \/>PDF-Dokumente<br \/>Einige \u00e4ltere PDF-Dateien (z.\u202fB. Produktbrosch\u00fcren, Datenbl\u00e4tter) sind nicht barrierefrei strukturiert (keine Tags, fehlende Alternativtexte).<br \/>Schrittweise Ersetzung durch barrierefreie Versionen<br \/>Externe Videos<br \/>Einige eingebettete Produktvideos verf\u00fcgen \u00fcber keine Untertitel oder Audiodeskription.<br \/>Neue Videos werden barrierefrei produziert<br \/>Dynamische Zahlungs- und Tracking-Elemente<br \/>Zahlungsiframes (z.\u202fB. von Klarna, PayPal) und Tracking-Skripte erf\u00fcllen nicht immer alle Barrierefreiheitskriterien.<br \/>Kontinuierliche Abstimmung mit Drittanbietern<\/p>\n<p style=\"text-align: justify;\">Wir streben an, alle genannten Einschr\u00e4nkungen bis sp\u00e4testens Ende 2025 behoben zu haben.<\/p>\n<p style=\"text-align: justify;\"><strong>3. Feedback und Kontakt<\/strong><\/p>\n<p style=\"text-align: justify;\">Wir nehmen die Barrierefreiheit unserer Websites ernst und freuen uns \u00fcber Hinweise und konstruktives Feedback von Nutzerinnen und Nutzern.<\/p>\n<p style=\"text-align: justify;\">Wenn du auf barrierebedingte Probleme st\u00f6\u00dft oder Unterst\u00fctzung bei der Nutzung unserer Inhalte ben\u00f6tigst, kontaktiere uns bitte:<\/p>\n<p style=\"text-align: justify;\">PROAMK.DE<br \/>Philipp Wolf<br \/>Ahornring 10<br \/>38468 Ehra-Lessien<br \/>&#x1f4de; Telefon: +4917657720508<br \/>&#x1f4e7; E-Mail: info@proamk.de<\/p>\n<p style=\"text-align: justify;\">Wir bearbeiten deine Anfrage innerhalb von 5 Werktagen und setzen uns mit dir in Verbindung, um eine geeignete L\u00f6sung anzubieten.<\/p>\n<p style=\"text-align: justify;\"><strong>4. Durchsetzung und Beschwerdeverfahren<\/strong><\/p>\n<p style=\"text-align: justify;\">Solltest du nach deiner Anfrage keine zufriedenstellende Antwort erhalten, hast du das Recht, dich an die zust\u00e4ndige Aufsichtsbeh\u00f6rde zu wenden.<\/p>\n<p style=\"text-align: justify;\">Da die PROAMK GmbH ihren Sitz im Landkreis Gifhorn, Niedersachsen hat, ist folgende Stelle f\u00fcr Beschwerden zur Barrierefreiheit zust\u00e4ndig:<\/p>\n<p style=\"text-align: justify;\">Nieders\u00e4chsische Landesbeauftragte f\u00fcr Menschen mit Behinderungen<br \/>Herr Reiner Koch<br \/>Calenberger Str. 18<br \/>30169 Hannover<br \/>&#x1f4de; Telefon: 0511 120-4888<br \/>&#x1f4e7; E-Mail: poststelle@lnmweb.niedersachsen.de<br \/>&#x1f310; Web: https:\/\/www.lnmweb.niedersachsen.de<\/p>\n<p style=\"text-align: justify;\">Die Beh\u00f6rde kann vermitteln, pr\u00fcfen und Empfehlungen aussprechen, um die Barrierefreiheit sicherzustellen. Weitere Informationen zur Beschwerdem\u00f6glichkeit findest du auf der Website der Landesbeauftragten.<\/p>\n<p style=\"text-align: justify;\"><strong>5. Unabh\u00e4ngige Pr\u00fcfung<\/strong><\/p>\n<p style=\"text-align: justify;\">Die Barrierefreiheit unserer Websites wird regelm\u00e4\u00dfig durchgef\u00fchrt mithilfe von:<\/p>\n<p style=\"text-align: justify;\">Internen Audits<br \/>Automatisierten Pr\u00fcftools (z.\u202fB. axe, WAVE, Lighthouse)<br \/>Manuellen Tests mit Screenreadern (NVDA, JAWS) und Tastaturnavigation<br \/>Bei Bedarf beauftragen wir externe Dienstleister zur barrierefreien Evaluierung. Ein barrierefreier Testzugang kann auf Anfrage bereitgestellt werden.<\/p>\n<p style=\"text-align: justify;\"><strong>6. Technische Informationen<\/strong><\/p>\n<p style=\"text-align: justify;\">Pr\u00fcfstandard: WCAG 2.1 Level AA<br \/>Letzte Pr\u00fcfung: M\u00e4rz 2025<br \/>N\u00e4chste geplante \u00dcberpr\u00fcfung: September 2025<br \/>CMS \/ Shop-System: WordPress, WooCommerce<br \/>Webentwicklung: <br \/>Philipp Wolf<br \/>Ahornring 10<br \/>38468 Ehra-Lessien<\/p>\n<p style=\"text-align: justify;\"><strong>7. \u00c4nderung der Erkl\u00e4rung<\/strong><\/p>\n<p style=\"text-align: justify;\">Wir \u00fcberpr\u00fcfen und aktualisieren diese Erkl\u00e4rung regelm\u00e4\u00dfig. Die letzte Aktualisierung erfolgte am 05. April 2025.<\/p>\n<p style=\"text-align: justify;\">Sollten sich gesetzliche Vorgaben oder technische Rahmenbedingungen \u00e4ndern, werden wir diese Erkl\u00e4rung entsprechend anpassen.<\/p>\n<p style=\"text-align: justify;\">Philipp Wolf<br \/>Ahornring 10<br \/>38468 Ehra-Lessien<br \/>www.proamk.de \u2013 shop.proamk.de<\/p>\n<p style=\"text-align: justify;\">\n<p>[\/et_pb_text][\/et_pb_column][\/et_pb_row][\/et_pb_section]<\/p>\n","protected":false},"excerpt":{"rendered":"<p>Erkl\u00e4rung zur Barrierefreiheit f\u00fcr die Websites www.proamk.de und www.shop.proamk.de Stand: 05. April 2025 Die PROAMK GmbH ist bestrebt, ihre Websites www.proamk.de und www.shop.proamk.de f\u00fcr alle Nutzerinnen und Nutzer barrierefrei und zug\u00e4nglich zu gestalten. Wir verpflichten uns, die Anforderungen der europ\u00e4ischen Richtlinie (EU) 2016\/2102 sowie des deutschen Behindertengleichstellungsgesetzes (BGG) und der BITV 2.0 einzuhalten. Diese Erkl\u00e4rung [&hellip;]<\/p>\n","protected":false},"author":1,"featured_media":0,"parent":0,"menu_order":0,"comment_status":"closed","ping_status":"closed","template":"","meta":{"_et_pb_use_builder":"on","_et_pb_old_content":"","_et_gb_content_width":"","footnotes":""},"class_list":["post-339225","page","type-page","status-publish","hentry"],"_links":{"self":[{"href":"https:\/\/shop.proamk.de\/index.php?rest_route=\/wp\/v2\/pages\/339225","targetHints":{"allow":["GET"]}}],"collection":[{"href":"https:\/\/shop.proamk.de\/index.php?rest_route=\/wp\/v2\/pages"}],"about":[{"href":"https:\/\/shop.proamk.de\/index.php?rest_route=\/wp\/v2\/types\/page"}],"author":[{"embeddable":true,"href":"https:\/\/shop.proamk.de\/index.php?rest_route=\/wp\/v2\/users\/1"}],"replies":[{"embeddable":true,"href":"https:\/\/shop.proamk.de\/index.php?rest_route=%2Fwp%2Fv2%2Fcomments&post=339225"}],"version-history":[{"count":5,"href":"https:\/\/shop.proamk.de\/index.php?rest_route=\/wp\/v2\/pages\/339225\/revisions"}],"predecessor-version":[{"id":339726,"href":"https:\/\/shop.proamk.de\/index.php?rest_route=\/wp\/v2\/pages\/339225\/revisions\/339726"}],"wp:attachment":[{"href":"https:\/\/shop.proamk.de\/index.php?rest_route=%2Fwp%2Fv2%2Fmedia&parent=339225"}],"curies":[{"name":"wp","href":"https:\/\/api.w.org\/{rel}","templated":true}]}}

Erklärung zur Barrierefreiheit

<p>[et_pb_section fb_built=&#8220;1&#8243; _builder_version=&#8220;4.27.4&#8243; _module_preset=&#8220;default&#8220; background_image=&#8220;https://shop.proamk.de/wp-content/uploads/2025/08/200.jpg&#8220; global_colors_info=&#8220;{}&#8220;][et_pb_row _builder_version=&#8220;4.27.4&#8243; _module_preset=&#8220;default&#8220; global_colors_info=&#8220;{}&#8220;][et_pb_column type=&#8220;4_4&#8243; _builder_version=&#8220;4.27.4&#8243; _module_preset=&#8220;default&#8220; global_colors_info=&#8220;{}&#8220;][et_pb_heading title=&#8220;Erklärung zur Barrierefreiheit&#8220; _builder_version=&#8220;4.27.4&#8243; _module_preset=&#8220;default&#8220; title_font=&#8220;|700|||||||&#8220; title_text_align=&#8220;right&#8220; title_text_color=&#8220;#FFFFFF&#8220; title_font_size=&#8220;50px&#8220; hover_enabled=&#8220;0&#8243; title_font_size_tablet=&#8220;50px&#8220; title_font_size_phone=&#8220;35px&#8220; title_font_size_last_edited=&#8220;on|desktop&#8220; title_text_shadow_style=&#8220;preset1&#8243; global_colors_info=&#8220;{}&#8220; sticky_enabled=&#8220;0&#8243;][/et_pb_heading][/et_pb_column][/et_pb_row][/et_pb_section][et_pb_section fb_built=&#8220;1&#8243; _builder_version=&#8220;4.27.4&#8243; _module_preset=&#8220;default&#8220; global_colors_info=&#8220;{}&#8220;][et_pb_row _builder_version=&#8220;4.27.4&#8243; _module_preset=&#8220;default&#8220; global_colors_info=&#8220;{}&#8220;][et_pb_column type=&#8220;4_4&#8243; _builder_version=&#8220;4.27.4&#8243; _module_preset=&#8220;default&#8220; global_colors_info=&#8220;{}&#8220;][et_pb_text _builder_version=&#8220;4.27.4&#8243; _module_preset=&#8220;default&#8220; text_text_color=&#8220;#000000&#8243; global_colors_info=&#8220;{}&#8220;]</p>
<p style="text-align: justify;">Erklärung zur Barrierefreiheit</p>
<p style="text-align: justify;">für die Websites www.proamk.de und www.shop.proamk.de</p>
<p style="text-align: justify;">Stand: 05. April 2025</p>
<p style="text-align: justify;">Die PROAMK GmbH ist bestrebt, ihre Websites www.proamk.de und www.shop.proamk.de für alle Nutzerinnen und Nutzer barrierefrei und zugänglich zu gestalten. Wir verpflichten uns, die Anforderungen der europäischen Richtlinie (EU) 2016/2102 sowie des deutschen Behindertengleichstellungsgesetzes (BGG) und der BITV 2.0 einzuhalten.</p>
<p style="text-align: justify;">Diese Erklärung informiert über den aktuellen Stand der Barrierefreiheit, benennt bekannte Einschränkungen und bietet Möglichkeiten zur Kontaktaufnahme, falls Barrierefreiheit nicht gewährleistet ist.</p>
<p style="text-align: justify;"><strong>1. Barrierefreiheits-Status</strong></p>
<p style="text-align: justify;">Die Websites www.proamk.de und www.shop.proamk.de entsprechen teilweise den Anforderungen der WCAG 2.1 Level AA (Web Content Accessibility Guidelines), dem international anerkannten Standard für barrierefreie Webinhalte.</p>
<p style="text-align: justify;">Wir arbeiten kontinuierlich daran, die Zugänglichkeit unserer Seiten zu verbessern und alle technischen und inhaltlichen Vorgaben vollständig umzusetzen.</p>
<p style="text-align: justify;"><strong>2. Nicht barrierefreie Inhalte – Begründung der Unzumutbarkeit</strong></p>
<p style="text-align: justify;">Trotz unserer Bemühungen gibt es derzeit noch einige Bereiche, die nicht vollständig barrierefrei sind. Die folgenden Inhalte oder Funktionen weisen aktuell Einschränkungen auf:</p>
<p style="text-align: justify;">Shop-Funktionen (Warenkorb, Checkout)<br />Einige Formularfelder im Bestellprozess können mit Screenreadern nur eingeschränkt bedient werden.<br />Optimierung bis Q3 2025<br />Dynamische Inhalte (Filter, Produktgalerien)<br />Bildergalerien und Filterfunktionen im Shop sind nicht vollständig tastaturbedienbar oder haben fehlende ARIA-Labels.<br />Technische Überarbeitung in Planung<br />PDF-Dokumente<br />Einige ältere PDF-Dateien (z. B. Produktbroschüren, Datenblätter) sind nicht barrierefrei strukturiert (keine Tags, fehlende Alternativtexte).<br />Schrittweise Ersetzung durch barrierefreie Versionen<br />Externe Videos<br />Einige eingebettete Produktvideos verfügen über keine Untertitel oder Audiodeskription.<br />Neue Videos werden barrierefrei produziert<br />Dynamische Zahlungs- und Tracking-Elemente<br />Zahlungsiframes (z. B. von Klarna, PayPal) und Tracking-Skripte erfüllen nicht immer alle Barrierefreiheitskriterien.<br />Kontinuierliche Abstimmung mit Drittanbietern</p>
<p style="text-align: justify;">Wir streben an, alle genannten Einschränkungen bis spätestens Ende 2025 behoben zu haben.</p>
<p style="text-align: justify;"><strong>3. Feedback und Kontakt</strong></p>
<p style="text-align: justify;">Wir nehmen die Barrierefreiheit unserer Websites ernst und freuen uns über Hinweise und konstruktives Feedback von Nutzerinnen und Nutzern.</p>
<p style="text-align: justify;">Wenn du auf barrierebedingte Probleme stößt oder Unterstützung bei der Nutzung unserer Inhalte benötigst, kontaktiere uns bitte:</p>
<p style="text-align: justify;">PROAMK.DE<br />Philipp Wolf<br />Ahornring 10<br />38468 Ehra-Lessien<br />&#x1f4de; Telefon: +4917657720508<br />&#x1f4e7; E-Mail: info@proamk.de</p>
<p style="text-align: justify;">Wir bearbeiten deine Anfrage innerhalb von 5 Werktagen und setzen uns mit dir in Verbindung, um eine geeignete Lösung anzubieten.</p>
<p style="text-align: justify;"><strong>4. Durchsetzung und Beschwerdeverfahren</strong></p>
<p style="text-align: justify;">Solltest du nach deiner Anfrage keine zufriedenstellende Antwort erhalten, hast du das Recht, dich an die zuständige Aufsichtsbehörde zu wenden.</p>
<p style="text-align: justify;">Da die PROAMK GmbH ihren Sitz im Landkreis Gifhorn, Niedersachsen hat, ist folgende Stelle für Beschwerden zur Barrierefreiheit zuständig:</p>
<p style="text-align: justify;">Niedersächsische Landesbeauftragte für Menschen mit Behinderungen<br />Herr Reiner Koch<br />Calenberger Str. 18<br />30169 Hannover<br />&#x1f4de; Telefon: 0511 120-4888<br />&#x1f4e7; E-Mail: poststelle@lnmweb.niedersachsen.de<br />&#x1f310; Web: https://www.lnmweb.niedersachsen.de</p>
<p style="text-align: justify;">Die Behörde kann vermitteln, prüfen und Empfehlungen aussprechen, um die Barrierefreiheit sicherzustellen. Weitere Informationen zur Beschwerdemöglichkeit findest du auf der Website der Landesbeauftragten.</p>
<p style="text-align: justify;"><strong>5. Unabhängige Prüfung</strong></p>
<p style="text-align: justify;">Die Barrierefreiheit unserer Websites wird regelmäßig durchgeführt mithilfe von:</p>
<p style="text-align: justify;">Internen Audits<br />Automatisierten Prüftools (z. B. axe, WAVE, Lighthouse)<br />Manuellen Tests mit Screenreadern (NVDA, JAWS) und Tastaturnavigation<br />Bei Bedarf beauftragen wir externe Dienstleister zur barrierefreien Evaluierung. Ein barrierefreier Testzugang kann auf Anfrage bereitgestellt werden.</p>
<p style="text-align: justify;"><strong>6. Technische Informationen</strong></p>
<p style="text-align: justify;">Prüfstandard: WCAG 2.1 Level AA<br />Letzte Prüfung: März 2025<br />Nächste geplante Überprüfung: September 2025<br />CMS / Shop-System: WordPress, WooCommerce<br />Webentwicklung: <br />Philipp Wolf<br />Ahornring 10<br />38468 Ehra-Lessien</p>
<p style="text-align: justify;"><strong>7. Änderung der Erklärung</strong></p>
<p style="text-align: justify;">Wir überprüfen und aktualisieren diese Erklärung regelmäßig. Die letzte Aktualisierung erfolgte am 05. April 2025.</p>
<p style="text-align: justify;">Sollten sich gesetzliche Vorgaben oder technische Rahmenbedingungen ändern, werden wir diese Erklärung entsprechend anpassen.</p>
<p style="text-align: justify;">Philipp Wolf<br />Ahornring 10<br />38468 Ehra-Lessien<br />www.proamk.de – shop.proamk.de</p>
<p style="text-align: justify;">
<p>[/et_pb_text][/et_pb_column][/et_pb_row][/et_pb_section]</p>

<p>Erklärung zur Barrierefreiheit für die Websites www.proamk.de und www.shop.proamk.de Stand: 05. April 2025 Die PROAMK GmbH ist bestrebt, ihre Websites www.proamk.de und www.shop.proamk.de für alle Nutzerinnen und Nutzer barrierefrei und zugänglich zu gestalten. Wir verpflichten uns, die Anforderungen der europäischen Richtlinie (EU) 2016/2102 sowie des deutschen Behindertengleichstellungsgesetzes (BGG) und der BITV 2.0 einzuhalten. Diese Erklärung [&hellip;]</p>
